370?
5
Calculate the greatest common divisor of 13 and 1079.
13
Calculate the greatest common divisor of 498 and 12.
6
What is the greatest common factor of 6 and 81?
3
Calculate the greatest common factor of 1545 and 45.
15
Calculate the highest common factor of 18 and 116.
2
What is the greatest common divisor of 334 and 10?
2
Calculate the greatest common factor of 247 and 52.
13
Calculate the highest common factor of 14 and 266.
14
What is the greatest common divisor of 84 and 14700?
84
What is the greatest common factor of 60001 and 29?
29
Calculate the highest common divisor of 532 and 4484.
76
Calculate the greatest common factor of 78 and 12636.
78
Calculate the highest common factor of 322 and 28.
14
What is the highest common divisor of 78 and 507?
39
What is the greatest common factor of 25 and 100?
25
What is the highest common divisor of 50 and 6?
2
Calculate the highest common divisor of 37 and 1.
1
What is the greatest common factor of 3975 and 75?
75
Calculate the greatest common factor of 47 and 23359.
47
Calculate the greatest common factor of 1371 and 3.
3
Calculate the highest common factor of 155 and 15.
5
What is the greatest common divisor of 830 and 1494?
166
What is the greatest common factor of 61 and 3233?
61
What is the highest common divisor of 20 and 1500?
20
Calculate the greatest common factor of 6557 and 79.
79
Calculate the highest common factor of 156 and 1638.
78
What is the greatest common factor of 180 and 320?
20
What is the greatest common divisor of 39 and 52?
13
Calculate the highest common divisor of 2652 and 408.
204
Calculate the highest common factor of 62 and 2077.
31
What is the greatest common divisor of 1292 and 2176?
68
Calculate the highest common divisor of 1083 and 3.
3
What is the greatest common divisor of 97 and 42583?
97
Calculate the highest common factor of 387 and 8643.
129
What is the greatest common factor of 2310 and 21120?
330
Calculate the greatest common divisor of 21 and 483.
21
Calculate the greatest common factor of 44 and 11264.
44
What is the highest common divisor of 36 and 444?
12
Calculate the highest common factor of 20 and 730.
10
Calculate the greatest common factor of 90 and 3390.
30
What is the highest common divisor of 15 and 125?
5
What is the greatest common divisor of 18 and 30?
6
Calculate the highest common factor of 28 and 14.
14
Calculate the highest common factor of 8388 and 180.
36
What is the greatest common factor of 5325 and 300?
75
What is the greatest common factor of 10 and 230?
10
What is the greatest common factor of 4026 and 4758?
366
What is the greatest common factor of 45 and 1377?
9
What is the greatest common divisor of 104 and 182?
26
Calculate the greatest common divisor of 1704 and 696.
24
Calculate the greatest common divisor of 16 and 8.
8
Calculate the greatest common factor of 300 and 96.
12
What is the highest common divisor of 732 and 12?
12
What is the highest common factor of 5 and 37?
1
Calculate the highest common factor of 42 and 2.
2
What is the greatest common factor of 230 and 69?
23
What is the highest common factor of 715 and 77?
11
Calculate the highest common factor of 18 and 10.
2
What is the greatest common factor of 8305 and 110?
55
What is the highest common factor of 18 and 1494?
18
What is the greatest common factor of 451 and 11?
11
What is the highest common factor of 62 and 168?
2
Calculate the highest common factor of 20 and 384.
4
What is the highest common divisor of 42 and 686?
14
Calculate the greatest common divisor of 2432 and 152.
152
What is the greatest common factor of 7973 and 1071?
119
What is the greatest common divisor of 1258 and 74?
74
What is the highest common divisor of 1416 and 48?
24
Calculate the highest common divisor of 48 and 1104.
48
Calculate the highest common divisor of 660 and 1716.
132
Calculate the highest common factor of 162 and 864.
54
What is the greatest common factor of 1152 and 9?
9
What is the greatest common factor of 3 and 155?
1
Calculate the highest common divisor of 92 and 13708.
92
What is the greatest common divisor of 412 and 927?
103
What is the greatest common divisor of 208 and 39?
13
Calculate the greatest common factor of 27221 and 167.
167
Calculate the highest common divisor of 1304 and 16.
8
Calculate the highest common factor of 152 and 6023.
19
Calculate the greatest common divisor of 292 and 365.
73
What is the greatest common divisor of 2912 and 221?
13
Calculate the greatest common factor of 450 and 1650.
150
What is the greatest common divisor of 60 and 120?
60
What is the highest common factor of 14 and 21?
7
Calculate the greatest common factor of 407 and 22.
11
Calculate the greatest common divisor of 544 and 374.
34
Calculate the highest common factor of 39 and 143.
13
What is the greatest common divisor of 90 and 30?
30
Calculate the greatest common divisor of 234 and 338.
26
Calculate the highest common factor of 40 and 3580.
20
Calculate the greatest common factor of 14 and 64.
2
Calculate the highest common factor of 1070 and 80.
10
Calculate the greatest common divisor of 190 and 55.
5
Calculate the greatest common divisor of 1 and 57.
1
Calculate the greatest common divisor of 2656 and 96.
32
What is the greatest common factor of 108 and 21006?
54
Calculate the greatest common divisor of 1800 and 18.
18
What is the highest common divisor of 377 and 464?
29
Calculate the highest common divisor of 6880 and 10.
10
Calculate the greatest common factor of 3311 and 154.
77
Calculate the greatest common factor of 3 and 93.
3
Calculate the greatest common factor of 261 and 3681.
9
What is the greatest common divisor of 170 and 68?
34
What is the greatest common divisor of 39 and 1378?
13
What is the highest common factor of 1458 and 6?
6
Calculate the highest common factor of 611 and 52.
13
Calculate the greatest common divisor of 154 and 198.
22
Calculate the highest common divisor of 107 and 3103.
107
What is the highest common factor of 114 and 8?
2
Calculate the highest common factor of 3653 and 52.
13
What is the greatest common factor of 444 and 576?
12
Calculate the greatest common divisor of 21 and 27.
3
What is the highest common divisor of 473 and 22?
11
What is the highest common divisor of 1339 and 39?
13
What is the greatest common factor of 8567 and 26?
13
What is the greatest common divisor of 112 and 504?
56
What is the greatest common factor of 14152 and 61?
61
What is the greatest common divisor of 591 and 5122?
197
What is the greatest common factor of 8421 and 21?
21
Calculate the highest common divisor of 72 and 45.
9
What is the highest common divisor of 1350 and 105?
15
Calculate the greatest common factor of 15 and 75.
15
What is the highest common divisor of 153 and 2703?
51
What is the highest common divisor of 61504 and 64?
64
What is the greatest common divisor of 27 and 6?
3
Calculate the greatest common divisor of 30 and 930.
30
What is the highest common factor of 78 and 2364?
6
What is the highest common factor of 1017 and 4633?
113
Calculate the greatest common divisor of 3840 and 3.
3
What is the greatest common factor of 2550 and 390?
30
Calculate the greatest common factor of 9 and 603.
9
What is the greatest common divisor of 154 and 110?
22
Calculate the highest common divisor of 26 and 4069.
13
Calculate the highest common divisor of 154 and 374.
22
What is the greatest common factor of 702 and 54?
54
Calculate the greatest common factor of 99 and 4917.
33
Calculate the highest common divisor of 156 and 7878.
78
What is the highest common divisor of 81 and 3105?
27
What is the greatest common factor of 35 and 56?
7
What is the highest common factor of 456 and 1254?
114
Calculate the greatest common divisor of 213 and 12.
3
What is the highest common factor of 46722 and 78?
78
What is the highest common factor of 3481 and 118?
59
What is the highest common factor of 1 and 29?
1
What is the greatest common factor of 612 and 36?
36
Calculate the highest common divisor of 1527 and 5.
1
Calculate the highest common factor of 33 and 539.
11
What is the highest common factor of 24 and 18?
6
What is the greatest common divisor of 12083 and 3091?
281
What is the highest common divisor of 192 and 48?
48
What is the